{"id":257,"date":"2015-10-22T14:43:00","date_gmt":"2015-10-22T12:43:00","guid":{"rendered":"http:\/\/www.aktivkreis.goetze-media.de\/index.php\/stoffmarkt\/"},"modified":"2015-10-22T14:43:00","modified_gmt":"2015-10-22T12:43:00","slug":"stoffmarkt","status":"publish","type":"page","link":"https:\/\/www.aktivkreis-frechen.de\/index.php\/stoffmarkt\/","title":{"rendered":"23.04.2016 2. Deutsch-Holl\u00e4ndischer Stoffmarkt"},"content":{"rendered":"<p>&nbsp;<img decoding=\"async\" class=\" size-full wp-image-256\" src=\"http:\/\/www.aktivkreis.goetze-media.de\/wp-content\/uploads\/2015\/10\/stoffmarkt.jpg\" alt=\"stoffmarkt\" width=\"206\" height=\"138\" \/><\/p>\n<p><strong>23.04.2016 Deutsch-Holl\u00e4ndischer Stoffmarkt<br \/><\/strong><\/p>\n<p>  <!--more-->  <\/p>\n<p>&nbsp;<\/p>\n<p><strong><span style=\"font-size: 12pt;\"><\/span><\/strong><\/p>\n<table>\n<tbody>\n<tr>\n<td>&nbsp;<strong><span style=\"font-size: 12pt;\"><img fetchpriority=\"high\" decoding=\"async\" class=\" size-full wp-image-256\" src=\"http:\/\/www.aktivkreis.goetze-media.de\/wp-content\/uploads\/2015\/10\/stoffmarkt.jpg\" alt=\"stoffmarkt\" width=\"539\" height=\"363\" \/><\/span><\/strong><\/td>\n<\/tr>\n<\/tbody>\n<\/table>\n<p><span style=\"font-size: 11pt; font-family: 'Calibri','sans-serif';\">Am Samstag, den 23.04.2016 findet in Frechen zum zweiten Mal der gro\u00dfartige Deutsch-Holl\u00e4ndische Stoffmarkt statt.<br \/>Freuen Sie sich auf farbenfrohe Stoffe und den besonderen Flair des tollen Marktes. Eine gro\u00dfe Auswahl an Deko-, Gardinen- und M\u00f6belstoffe regen die Lust zum N\u00e4hen, Polstern und Dekorieren an.<\/span><\/p>\n<p>&nbsp;<\/p>\n","protected":false},"excerpt":{"rendered":"<p>&nbsp; 23.04.2016 Deutsch-Holl\u00e4ndischer Stoffmarkt<\/p>\n","protected":false},"author":1,"featured_media":256,"parent":0,"menu_order":17,"comment_status":"closed","ping_status":"closed","template":"","meta":{"footnotes":""},"class_list":["post-257","page","type-page","status-publish","has-post-thumbnail","hentry"],"_links":{"self":[{"href":"https:\/\/www.aktivkreis-frechen.de\/index.php\/wp-json\/wp\/v2\/pages\/257","targetHints":{"allow":["GET"]}}],"collection":[{"href":"https:\/\/www.aktivkreis-frechen.de\/index.php\/wp-json\/wp\/v2\/pages"}],"about":[{"href":"https:\/\/www.aktivkreis-frechen.de\/index.php\/wp-json\/wp\/v2\/types\/page"}],"author":[{"embeddable":true,"href":"https:\/\/www.aktivkreis-frechen.de\/index.php\/wp-json\/wp\/v2\/users\/1"}],"replies":[{"embeddable":true,"href":"https:\/\/www.aktivkreis-frechen.de\/index.php\/wp-json\/wp\/v2\/comments?post=257"}],"version-history":[{"count":0,"href":"https:\/\/www.aktivkreis-frechen.de\/index.php\/wp-json\/wp\/v2\/pages\/257\/revisions"}],"wp:featuredmedia":[{"embeddable":true,"href":"https:\/\/www.aktivkreis-frechen.de\/index.php\/wp-json\/wp\/v2\/media\/256"}],"wp:attachment":[{"href":"https:\/\/www.aktivkreis-frechen.de\/index.php\/wp-json\/wp\/v2\/media?parent=257"}],"curies":[{"name":"wp","href":"https:\/\/api.w.org\/{rel}","templated":true}]}}

23.04.2016 2. Deutsch-Holländischer Stoffmarkt

<p>&nbsp;<img decoding="async" class=" size-full wp-image-256" src="http://www.aktivkreis.goetze-media.de/wp-content/uploads/2015/10/stoffmarkt.jpg" alt="stoffmarkt" width="206" height="138" /></p>
<p><strong>23.04.2016 Deutsch-Holländischer Stoffmarkt<br /></strong></p>
<p>  <!--more-->  </p>
<p>&nbsp;</p>
<p><strong><span style="font-size: 12pt;"></span></strong></p>
<table>
<tbody>
<tr>
<td>&nbsp;<strong><span style="font-size: 12pt;"><img fetchpriority="high" decoding="async" class=" size-full wp-image-256" src="http://www.aktivkreis.goetze-media.de/wp-content/uploads/2015/10/stoffmarkt.jpg" alt="stoffmarkt" width="539" height="363" /></span></strong></td>
</tr>
</tbody>
</table>
<p><span style="font-size: 11pt; font-family: 'Calibri','sans-serif';">Am Samstag, den 23.04.2016 findet in Frechen zum zweiten Mal der großartige Deutsch-Holländische Stoffmarkt statt.<br />Freuen Sie sich auf farbenfrohe Stoffe und den besonderen Flair des tollen Marktes. Eine große Auswahl an Deko-, Gardinen- und Möbelstoffe regen die Lust zum Nähen, Polstern und Dekorieren an.</span></p>
<p>&nbsp;</p>

<p>&nbsp; 23.04.2016 Deutsch-Holländischer Stoffmarkt</p>
