{"id":214,"date":"2013-09-10T15:58:00","date_gmt":"2013-09-10T13:58:00","guid":{"rendered":"http:\/\/www.aktivkreis.goetze-media.de\/index.php\/endlich-sommer-bei-isabella-schuhe-2\/"},"modified":"2013-09-10T15:58:00","modified_gmt":"2013-09-10T13:58:00","slug":"endlich-sommer-bei-isabella-schuhe-2","status":"publish","type":"page","link":"https:\/\/www.aktivkreis-frechen.de\/index.php\/endlich-sommer-bei-isabella-schuhe-2\/","title":{"rendered":"Die Wiesn ist er\u00f6ffnet! Bei Isabella Schuhe"},"content":{"rendered":"<div style=\"font-size: 12px; font-family: Verdana;\">\n<div><a href=\"index.php\/einkaufsfuehrer\/item\/isabella-schuhmoden?category_id=44\"><img decoding=\"async\" class=\" alignright size-full wp-image-208\" style=\"float: right;\" src=\"http:\/\/www.aktivkreis.goetze-media.de\/wp-content\/uploads\/2013\/06\/isabella-Schuhe-Logo.jpg\" alt=\"\" width=\"141\" height=\"113\" \/><\/a><strong><span style=\"font-size: 14pt;\"> <br \/><\/span><\/strong><\/div>\n<div><strong><span style=\"font-size: 14pt;\">Die Wiesn ist er\u00f6ffnet!<\/span><\/strong><\/div>\n<div><strong><span style=\"font-size: 14pt;\">&nbsp;<\/span><\/strong><\/div>\n<div><strong><span style=\"font-size: 14pt;\">Bei Isabella Schuhe<\/span><\/strong><\/div>\n<div>&nbsp;<\/div>\n<div><strong>Liebe Kunden, liebe Besucher Frechens,<\/strong><\/div>\n<div>&nbsp;<\/div>\n<div>\n<div>hiermit lade ich Sie herzlich zu unserem Herbstevent am <strong>05<strong>.<\/strong>10.2013 ab 10.00 Uhr <\/strong>in meine Gesch\u00e4ftsr\u00e4ume, Hauptstra\u00dfe 70, ein.<\/div>\n<div>&nbsp;<\/div>\n<p> Erleben Sie bajuvarische Momente bei einem Radler, einer Brezn, vielen sch\u00f6nen Schuhmodellen und &#8230; <\/p>\n<div>&nbsp;<\/div>\n<div>Zwischen 12 und 13 Uhr stellt J\u00fcrgen Peter, bekannt durch seinen Hit &#8222;MARY JANE&#8220;, seine neue CD vor.<\/div>\n<div>&nbsp;<\/div>\n<div>&nbsp;<\/div>\n<div>Wir freuen uns auf Sie!!<\/div>\n<div>&nbsp;<\/div>\n<div>Iris Lichtenfeld<\/div>\n<div>Isabella Schuhe Frechen<\/div>\n<div>&nbsp;<\/div>\n<div>&nbsp;<\/div>\n<div>&nbsp;<a href=\"http:\/\/www.aktivkreis.goetze-media.de\/wp-content\/uploads\/2013\/09\/isabella-wiesn.jpg\"><img fetchpriority=\"high\" decoding=\"async\" class=\" size-full wp-image-213\" src=\"http:\/\/www.aktivkreis.goetze-media.de\/wp-content\/uploads\/2013\/09\/isabella-wiesn.jpg\" alt=\"isabella-wiesn\" width=\"207\" height=\"292\" srcset=\"https:\/\/www.aktivkreis-frechen.de\/wp-content\/uploads\/2013\/09\/isabella-wiesn.jpg 413w, https:\/\/www.aktivkreis-frechen.de\/wp-content\/uploads\/2013\/09\/isabella-wiesn-213x300.jpg 213w\" sizes=\"(max-width: 207px) 100vw, 207px\" \/><\/a><\/div>\n<\/p><\/div>\n<\/p><\/div>\n","protected":false},"excerpt":{"rendered":"<p>Die Wiesn ist er\u00f6ffnet! &nbsp; Bei Isabella Schuhe &nbsp; Liebe Kunden, liebe Besucher Frechens, &nbsp; hiermit lade ich Sie herzlich zu unserem Herbstevent am 05.10.2013 ab 10.00 Uhr in meine Gesch\u00e4ftsr\u00e4ume, Hauptstra\u00dfe 70, ein. &nbsp; Erleben Sie bajuvarische Momente bei einem Radler, einer Brezn, vielen sch\u00f6nen Schuhmodellen und &#8230; &nbsp; Zwischen 12 und 13 Uhr<\/p>\n","protected":false},"author":1,"featured_media":208,"parent":0,"menu_order":1,"comment_status":"closed","ping_status":"closed","template":"","meta":{"footnotes":""},"class_list":["post-214","page","type-page","status-publish","has-post-thumbnail","hentry"],"_links":{"self":[{"href":"https:\/\/www.aktivkreis-frechen.de\/index.php\/wp-json\/wp\/v2\/pages\/214","targetHints":{"allow":["GET"]}}],"collection":[{"href":"https:\/\/www.aktivkreis-frechen.de\/index.php\/wp-json\/wp\/v2\/pages"}],"about":[{"href":"https:\/\/www.aktivkreis-frechen.de\/index.php\/wp-json\/wp\/v2\/types\/page"}],"author":[{"embeddable":true,"href":"https:\/\/www.aktivkreis-frechen.de\/index.php\/wp-json\/wp\/v2\/users\/1"}],"replies":[{"embeddable":true,"href":"https:\/\/www.aktivkreis-frechen.de\/index.php\/wp-json\/wp\/v2\/comments?post=214"}],"version-history":[{"count":0,"href":"https:\/\/www.aktivkreis-frechen.de\/index.php\/wp-json\/wp\/v2\/pages\/214\/revisions"}],"wp:featuredmedia":[{"embeddable":true,"href":"https:\/\/www.aktivkreis-frechen.de\/index.php\/wp-json\/wp\/v2\/media\/208"}],"wp:attachment":[{"href":"https:\/\/www.aktivkreis-frechen.de\/index.php\/wp-json\/wp\/v2\/media?parent=214"}],"curies":[{"name":"wp","href":"https:\/\/api.w.org\/{rel}","templated":true}]}}

Die Wiesn ist eröffnet! Bei Isabella Schuhe

<div style="font-size: 12px; font-family: Verdana;">
<div><a href="index.php/einkaufsfuehrer/item/isabella-schuhmoden?category_id=44"><img decoding="async" class=" alignright size-full wp-image-208" style="float: right;" src="http://www.aktivkreis.goetze-media.de/wp-content/uploads/2013/06/isabella-Schuhe-Logo.jpg" alt="" width="141" height="113" /></a><strong><span style="font-size: 14pt;"> <br /></span></strong></div>
<div><strong><span style="font-size: 14pt;">Die Wiesn ist eröffnet!</span></strong></div>
<div><strong><span style="font-size: 14pt;">&nbsp;</span></strong></div>
<div><strong><span style="font-size: 14pt;">Bei Isabella Schuhe</span></strong></div>
<div>&nbsp;</div>
<div><strong>Liebe Kunden, liebe Besucher Frechens,</strong></div>
<div>&nbsp;</div>
<div>
<div>hiermit lade ich Sie herzlich zu unserem Herbstevent am <strong>05<strong>.</strong>10.2013 ab 10.00 Uhr </strong>in meine Geschäftsräume, Hauptstraße 70, ein.</div>
<div>&nbsp;</div>
<p> Erleben Sie bajuvarische Momente bei einem Radler, einer Brezn, vielen schönen Schuhmodellen und &#8230; </p>
<div>&nbsp;</div>
<div>Zwischen 12 und 13 Uhr stellt Jürgen Peter, bekannt durch seinen Hit &#8222;MARY JANE&#8220;, seine neue CD vor.</div>
<div>&nbsp;</div>
<div>&nbsp;</div>
<div>Wir freuen uns auf Sie!!</div>
<div>&nbsp;</div>
<div>Iris Lichtenfeld</div>
<div>Isabella Schuhe Frechen</div>
<div>&nbsp;</div>
<div>&nbsp;</div>
<div>&nbsp;<a href="http://www.aktivkreis.goetze-media.de/wp-content/uploads/2013/09/isabella-wiesn.jpg"><img fetchpriority="high" decoding="async" class=" size-full wp-image-213" src="http://www.aktivkreis.goetze-media.de/wp-content/uploads/2013/09/isabella-wiesn.jpg" alt="isabella-wiesn" width="207" height="292" srcset="https://www.aktivkreis-frechen.de/wp-content/uploads/2013/09/isabella-wiesn.jpg 413w, https://www.aktivkreis-frechen.de/wp-content/uploads/2013/09/isabella-wiesn-213x300.jpg 213w" sizes="(max-width: 207px) 100vw, 207px" /></a></div>
</p></div>
</p></div>

<p>Die Wiesn ist eröffnet! &nbsp; Bei Isabella Schuhe &nbsp; Liebe Kunden, liebe Besucher Frechens, &nbsp; hiermit lade ich Sie herzlich zu unserem Herbstevent am 05.10.2013 ab 10.00 Uhr in meine Geschäftsräume, Hauptstraße 70, ein. &nbsp; Erleben Sie bajuvarische Momente bei einem Radler, einer Brezn, vielen schönen Schuhmodellen und &#8230; &nbsp; Zwischen 12 und 13 Uhr</p>
