{"id":190,"date":"2013-04-19T06:17:32","date_gmt":"2013-04-19T04:17:32","guid":{"rendered":"http:\/\/www.aktivkreis.goetze-media.de\/index.php\/impressum\/"},"modified":"2023-02-22T18:38:16","modified_gmt":"2023-02-22T16:38:16","slug":"impressum","status":"publish","type":"page","link":"https:\/\/www.aktivkreis-frechen.de\/index.php\/impressum\/","title":{"rendered":"Impressum \/ Datenschutz"},"content":{"rendered":"\n<div class=\"wp-block-columns is-layout-flex wp-container-core-columns-is-layout-9d6595d7 wp-block-columns-is-layout-flex\">\n<div class=\"wp-block-column is-vertically-aligned-top is-layout-flow wp-block-column-is-layout-flow\" style=\"flex-basis:25%\"><ul id=\"menu-contact\" class=\"menu\"><li id=\"menu-item-345\" class=\"menu-item menu-item-type-post_type menu-item-object-page menu-item-345\"><a href=\"https:\/\/www.aktivkreis-frechen.de\/index.php\/kontakt\/\">Kontakt<\/a><\/li>\n<li id=\"menu-item-346\" class=\"menu-item menu-item-type-post_type menu-item-object-page menu-item-346\"><a href=\"https:\/\/www.aktivkreis-frechen.de\/index.php\/kontakt\/vorstand\/\">Vorstand<\/a><\/li>\n<li id=\"menu-item-347\" class=\"menu-item menu-item-type-post_type menu-item-object-page menu-item-347\"><a href=\"https:\/\/www.aktivkreis-frechen.de\/index.php\/werden-sie-mitglied\/\">Werden Sie Mitglied<\/a><\/li>\n<li id=\"menu-item-348\" class=\"menu-item menu-item-type-post_type menu-item-object-page menu-item-348\"><a href=\"https:\/\/www.aktivkreis-frechen.de\/index.php\/satzung\/\">Satzung<\/a><\/li>\n<li id=\"menu-item-349\" class=\"menu-item menu-item-type-post_type menu-item-object-page menu-item-349\"><a href=\"https:\/\/www.aktivkreis-frechen.de\/index.php\/impressum\/\">Impressum \/ Datenschutz \/ Disclaimer<\/a><\/li>\n<\/ul>\n<\/div>\n\n\n\n<div class=\"wp-block-column is-layout-flow wp-block-column-is-layout-flow\" style=\"flex-basis:75%\">\n<p><span style=\"font-size: 14pt;\"><strong>Impressum \/ Disclaimer \/Datenschutzhinweis<\/strong><\/span><\/p>\n<p><strong>Haftungsausschluss f\u00fcr externe Querverweise:<\/strong><\/p>\n<p>Der Inhalt der Websites, auf die mittels Hypertext-Links oder in anderer Weise verwiesen wird, stammt nicht von uns, ist uns im einzelnen nicht bekannt und wird von uns auch nicht zur Nutzung als eigener oder fremder Inhalt bereitgehalten. Wir \u00fcbernehmen deshalb keine Verantwortung oder Gew\u00e4hr f\u00fcr den Inhalt irgendeiner Website, auf die durch Hypertext-Links oder in anderer Weise verwiesen wird. Ein rechtsgesch\u00e4ftlicher Wille ist mit der Bereitstellung solcher Verweise nicht verbunden.<\/p>\n<p><strong>Allgemeiner Haftungsausschluss:<\/strong><\/p>\n<p>Der Inhalt der Homepage ist nach bestem Wissen und Kenntnisstand erstellt worden. Haftung und Gew\u00e4hr f\u00fcr die Korrektheit, Aktualit\u00e4t, Vollst\u00e4ndigkeit und Qualit\u00e4t der Inhalte ist jedoch ausgeschlossen. Unsere Informationen f\u00fcr Sie stellen keine Beratung dar und begr\u00fcnden kein Beratungsverh\u00e4ltnis.<\/p>\n<p>\u00a0<\/p>\n<p><strong>Datenschutz<\/strong><strong><br \/><\/strong><br \/>Wir freuen uns \u00fcber Ihr Interesse an unserer Internetseite. Der Schutz Ihrer personenbezogenen Daten bei der Erhebung, Verarbeitung und Nutzung anl\u00e4sslich Ihres Besuchs auf unserer Internetseite ist uns ein wichtiges Anliegen. In Bezug darauf finden Sie nachfolgend Informationen dar\u00fcber, welche Daten w\u00e4hrend Ihres Besuchs erfasst werden und wie wir mit den jeweiligen erhobenen Daten im Rahmen der g\u00fcltigen gesetzlichen Vorschrift umgehen. Wir m\u00f6chten Sie Informieren und dadurch m\u00f6glichst jegliche Unsicherheit Ihrerseits beseitigen.<\/p>\n<p><strong>Personenbezogene Daten<\/strong><\/p>\n<p>Jeder Zugriff auf unsere Internetseite und somit jeder Abruf einer auf unseren Servern hinterlegten Datei wird aus technischen Gr\u00fcnden und in Bezug auf die Systemsicherheit protokolliert. Protokolliert werden: Name der abgerufenen Datei, Datum und Uhrzeit des Abrufs, \u00fcbertragene Datenmenge, Meldung \u00fcber erfolgreichen Abruf, \u00fcbermittelte Webbrowser Informationen, Betriebssystem Informationen, die angefragte Domain sowie die Internet Adresse des anfragenden Systems. Diese Daten sind nicht als personenbezogene Daten zu verstehen und werden in der Regel aus technischen Gr\u00fcnden automatisch bei nahezu allen g\u00e4ngigen Webseitenanbietern erhoben um eine Datenkommunikation zwischen Webserver und Internetbrowser gew\u00e4hrleisten zu k\u00f6nnen. Personenbezogene Daten sind solche Daten, die mit Ihrer pers\u00f6nlichen Identit\u00e4t als Person in Verbindung gebracht werden k\u00f6nnen und werden ausschlie\u00dflich erfasst, wenn Sie diese Angaben freiwillig \u00fcbermitteln, etwa im Rahmen einer Kontakt- oder Informationsanfrage.<\/p>\n<p><strong>Nutzung und Weitergabe personenbezogener Daten<\/strong><\/p>\n<p>Soweit Sie uns personenbezogene Daten freiwillig zur Verf\u00fcgung gestellt haben, verwenden wir diese ausschlie\u00dflich zur Beantwortung Ihrer Anfrage, Bearbeitung Ihres Anliegens oder Auftr\u00e4ge, eventuell zur Abwicklung mit Ihnen geschlossener Vertr\u00e4ge und Auftr\u00e4ge und zu internen administrativen Zwecken. Es ist klar geregelt, dass nur f\u00fcnf Personen Zugriff auf diese Daten haben. Eine Weitergabe, ein Verkauf oder sonstige \u00dcbermittlung Ihrer personenbezogenen Daten an Dritte erfolgt nicht, es sei denn eine Weitergabe ist aufgrund gesetzlicher Vorschriften oder zur Auftragserf\u00fcllung zwingend erforderlich.<\/p>\n<p><strong>Auskunftsrecht, Berichtigung, Sperre, L\u00f6schung und Widerspruch<\/strong><\/p>\n<p>Sie haben das Recht \u00fcber Ihre bei uns gespeicherten personenbezogene Daten Auskunft zu erhalten. Ebenso haben Sie das Recht auf Berichtigung, Sperrung oder, abgesehen von der vorgeschriebenen Datenspeicherung zur Gesch\u00e4ftsabwicklung, L\u00f6schung Ihrer personenbezogenen Daten. Bitte beauftragen Sie diesen Vorgang schriftlich oder in Textform per E-Mail. Eine L\u00f6schung eventuell gespeicherter personenbezogener Daten erfolgt insbesondere, wenn Ihre Kenntnis zur Erf\u00fcllung des mit der Speicherung verfolgten Zwecks nicht und auch in der Zukunft nicht mehr erforderlich ist und keine gesetzliche Aufbewahrungsfrist besteht oder wenn Ihre Speicherung aus sonstigen gesetzlichen Gr\u00fcnden unzul\u00e4ssig ist.<\/p>\n<p>\u00a0<\/p>\n<p><strong>Gesch\u00e4ftsstelle:<\/strong><\/p>\n<p>Aktivkreis Frechen e.V.<br \/>Dr.-Tusch-Str. 34, 50226 Frechen<br \/>Telefon: +49-2234-2198490, FAX: auf Anfrage<\/p>\n<div id=\"node-2\" class=\"node\">\u00a0<\/div>\n<p>\u00a0<\/p>\n<p>\u00a0\u00a0 <img decoding=\"async\" class=\" size-full wp-image-189\" src=\"http:\/\/www.aktivkreis.goetze-media.de\/wp-content\/uploads\/2013\/04\/schaufuss.JPG\" alt=\"schaufuss\" width=\"150\" height=\"77\" border=\"0\" \/><\/p>\n<p><strong>Design und Texte<\/strong><br \/>Silke Schaufu\u00df<br \/>Frechener Grafik-Atelier<br \/>Henri-Dunant-Weg 10<br \/>50226 Frechen<br \/>Telefon +49 (0) 2234 &#8211; 240920<br \/><a href=\"mailto:schaufuss@frechener-grafik.de\">schaufuss(at)frechener-grafik.de<\/a><br \/><a href=\"http:\/\/www.frechener-grafik.de\">www.frechener-grafik.de<\/a><\/p>\n<\/div>\n<\/div>\n","protected":false},"excerpt":{"rendered":"<p>Impressum \/ Disclaimer \/Datenschutzhinweis Haftungsausschluss f\u00fcr externe Querverweise: Der Inhalt der Websites, auf die mittels Hypertext-Links oder in anderer Weise verwiesen wird, stammt nicht von uns, ist uns im einzelnen nicht bekannt und wird von uns auch nicht zur Nutzung als eigener oder fremder Inhalt bereitgehalten. Wir \u00fcbernehmen deshalb keine Verantwortung oder Gew\u00e4hr f\u00fcr den<\/p>\n","protected":false},"author":1,"featured_media":0,"parent":0,"menu_order":9,"comment_status":"closed","ping_status":"closed","template":"","meta":{"footnotes":""},"class_list":["post-190","page","type-page","status-publish","hentry"],"_links":{"self":[{"href":"https:\/\/www.aktivkreis-frechen.de\/index.php\/wp-json\/wp\/v2\/pages\/190","targetHints":{"allow":["GET"]}}],"collection":[{"href":"https:\/\/www.aktivkreis-frechen.de\/index.php\/wp-json\/wp\/v2\/pages"}],"about":[{"href":"https:\/\/www.aktivkreis-frechen.de\/index.php\/wp-json\/wp\/v2\/types\/page"}],"author":[{"embeddable":true,"href":"https:\/\/www.aktivkreis-frechen.de\/index.php\/wp-json\/wp\/v2\/users\/1"}],"replies":[{"embeddable":true,"href":"https:\/\/www.aktivkreis-frechen.de\/index.php\/wp-json\/wp\/v2\/comments?post=190"}],"version-history":[{"count":3,"href":"https:\/\/www.aktivkreis-frechen.de\/index.php\/wp-json\/wp\/v2\/pages\/190\/revisions"}],"predecessor-version":[{"id":800,"href":"https:\/\/www.aktivkreis-frechen.de\/index.php\/wp-json\/wp\/v2\/pages\/190\/revisions\/800"}],"wp:attachment":[{"href":"https:\/\/www.aktivkreis-frechen.de\/index.php\/wp-json\/wp\/v2\/media?parent=190"}],"curies":[{"name":"wp","href":"https:\/\/api.w.org\/{rel}","templated":true}]}}

<div class="wp-block-columns is-layout-flex wp-container-core-columns-is-layout-9d6595d7 wp-block-columns-is-layout-flex">
<div class="wp-block-column is-vertically-aligned-top is-layout-flow wp-block-column-is-layout-flow" style="flex-basis:25%"><ul id="menu-contact" class="menu"><li id="menu-item-345" class="menu-item menu-item-type-post_type menu-item-object-page menu-item-345"><a href="https://www.aktivkreis-frechen.de/index.php/kontakt/">Kontakt</a></li>
<li id="menu-item-346" class="menu-item menu-item-type-post_type menu-item-object-page menu-item-346"><a href="https://www.aktivkreis-frechen.de/index.php/kontakt/vorstand/">Vorstand</a></li>
<li id="menu-item-347" class="menu-item menu-item-type-post_type menu-item-object-page menu-item-347"><a href="https://www.aktivkreis-frechen.de/index.php/werden-sie-mitglied/">Werden Sie Mitglied</a></li>
<li id="menu-item-348" class="menu-item menu-item-type-post_type menu-item-object-page menu-item-348"><a href="https://www.aktivkreis-frechen.de/index.php/satzung/">Satzung</a></li>
<li id="menu-item-349" class="menu-item menu-item-type-post_type menu-item-object-page menu-item-349"><a href="https://www.aktivkreis-frechen.de/index.php/impressum/">Impressum / Datenschutz / Disclaimer</a></li>
</ul>
</div>



<div class="wp-block-column is-layout-flow wp-block-column-is-layout-flow" style="flex-basis:75%">
<p><span style="font-size: 14pt;"><strong>Impressum / Disclaimer /Datenschutzhinweis</strong></span></p>
<p><strong>Haftungsausschluss für externe Querverweise:</strong></p>
<p>Der Inhalt der Websites, auf die mittels Hypertext-Links oder in anderer Weise verwiesen wird, stammt nicht von uns, ist uns im einzelnen nicht bekannt und wird von uns auch nicht zur Nutzung als eigener oder fremder Inhalt bereitgehalten. Wir übernehmen deshalb keine Verantwortung oder Gewähr für den Inhalt irgendeiner Website, auf die durch Hypertext-Links oder in anderer Weise verwiesen wird. Ein rechtsgeschäftlicher Wille ist mit der Bereitstellung solcher Verweise nicht verbunden.</p>
<p><strong>Allgemeiner Haftungsausschluss:</strong></p>
<p>Der Inhalt der Homepage ist nach bestem Wissen und Kenntnisstand erstellt worden. Haftung und Gewähr für die Korrektheit, Aktualität, Vollständigkeit und Qualität der Inhalte ist jedoch ausgeschlossen. Unsere Informationen für Sie stellen keine Beratung dar und begründen kein Beratungsverhältnis.</p>
<p> </p>
<p><strong>Datenschutz</strong><strong><br /></strong><br />Wir freuen uns über Ihr Interesse an unserer Internetseite. Der Schutz Ihrer personenbezogenen Daten bei der Erhebung, Verarbeitung und Nutzung anlässlich Ihres Besuchs auf unserer Internetseite ist uns ein wichtiges Anliegen. In Bezug darauf finden Sie nachfolgend Informationen darüber, welche Daten während Ihres Besuchs erfasst werden und wie wir mit den jeweiligen erhobenen Daten im Rahmen der gültigen gesetzlichen Vorschrift umgehen. Wir möchten Sie Informieren und dadurch möglichst jegliche Unsicherheit Ihrerseits beseitigen.</p>
<p><strong>Personenbezogene Daten</strong></p>
<p>Jeder Zugriff auf unsere Internetseite und somit jeder Abruf einer auf unseren Servern hinterlegten Datei wird aus technischen Gründen und in Bezug auf die Systemsicherheit protokolliert. Protokolliert werden: Name der abgerufenen Datei, Datum und Uhrzeit des Abrufs, übertragene Datenmenge, Meldung über erfolgreichen Abruf, übermittelte Webbrowser Informationen, Betriebssystem Informationen, die angefragte Domain sowie die Internet Adresse des anfragenden Systems. Diese Daten sind nicht als personenbezogene Daten zu verstehen und werden in der Regel aus technischen Gründen automatisch bei nahezu allen gängigen Webseitenanbietern erhoben um eine Datenkommunikation zwischen Webserver und Internetbrowser gewährleisten zu können. Personenbezogene Daten sind solche Daten, die mit Ihrer persönlichen Identität als Person in Verbindung gebracht werden können und werden ausschließlich erfasst, wenn Sie diese Angaben freiwillig übermitteln, etwa im Rahmen einer Kontakt- oder Informationsanfrage.</p>
<p><strong>Nutzung und Weitergabe personenbezogener Daten</strong></p>
<p>Soweit Sie uns personenbezogene Daten freiwillig zur Verfügung gestellt haben, verwenden wir diese ausschließlich zur Beantwortung Ihrer Anfrage, Bearbeitung Ihres Anliegens oder Aufträge, eventuell zur Abwicklung mit Ihnen geschlossener Verträge und Aufträge und zu internen administrativen Zwecken. Es ist klar geregelt, dass nur fünf Personen Zugriff auf diese Daten haben. Eine Weitergabe, ein Verkauf oder sonstige Übermittlung Ihrer personenbezogenen Daten an Dritte erfolgt nicht, es sei denn eine Weitergabe ist aufgrund gesetzlicher Vorschriften oder zur Auftragserfüllung zwingend erforderlich.</p>
<p><strong>Auskunftsrecht, Berichtigung, Sperre, Löschung und Widerspruch</strong></p>
<p>Sie haben das Recht über Ihre bei uns gespeicherten personenbezogene Daten Auskunft zu erhalten. Ebenso haben Sie das Recht auf Berichtigung, Sperrung oder, abgesehen von der vorgeschriebenen Datenspeicherung zur Geschäftsabwicklung, Löschung Ihrer personenbezogenen Daten. Bitte beauftragen Sie diesen Vorgang schriftlich oder in Textform per E-Mail. Eine Löschung eventuell gespeicherter personenbezogener Daten erfolgt insbesondere, wenn Ihre Kenntnis zur Erfüllung des mit der Speicherung verfolgten Zwecks nicht und auch in der Zukunft nicht mehr erforderlich ist und keine gesetzliche Aufbewahrungsfrist besteht oder wenn Ihre Speicherung aus sonstigen gesetzlichen Gründen unzulässig ist.</p>
<p> </p>
<p><strong>Geschäftsstelle:</strong></p>
<p>Aktivkreis Frechen e.V.<br />Dr.-Tusch-Str. 34, 50226 Frechen<br />Telefon: +49-2234-2198490, FAX: auf Anfrage</p>
<div id="node-2" class="node"> </div>
<p> </p>
<p>   <img decoding="async" class=" size-full wp-image-189" src="http://www.aktivkreis.goetze-media.de/wp-content/uploads/2013/04/schaufuss.JPG" alt="schaufuss" width="150" height="77" border="0" /></p>
<p><strong>Design und Texte</strong><br />Silke Schaufuß<br />Frechener Grafik-Atelier<br />Henri-Dunant-Weg 10<br />50226 Frechen<br />Telefon +49 (0) 2234 &#8211; 240920<br /><a href="mailto:schaufuss@frechener-grafik.de">schaufuss(at)frechener-grafik.de</a><br /><a href="http://www.frechener-grafik.de">www.frechener-grafik.de</a></p>
</div>
</div>

<p>Impressum / Disclaimer /Datenschutzhinweis Haftungsausschluss für externe Querverweise: Der Inhalt der Websites, auf die mittels Hypertext-Links oder in anderer Weise verwiesen wird, stammt nicht von uns, ist uns im einzelnen nicht bekannt und wird von uns auch nicht zur Nutzung als eigener oder fremder Inhalt bereitgehalten. Wir übernehmen deshalb keine Verantwortung oder Gewähr für den</p>
