{"id":167,"date":"2013-04-19T06:18:37","date_gmt":"2013-04-19T04:18:37","guid":{"rendered":"http:\/\/www.aktivkreis.goetze-media.de\/index.php\/veranstaltungen\/"},"modified":"2013-04-19T06:18:37","modified_gmt":"2013-04-19T04:18:37","slug":"veranstaltungen","status":"publish","type":"page","link":"https:\/\/www.aktivkreis-frechen.de\/index.php\/veranstaltungen\/","title":{"rendered":"Veranstaltungen"},"content":{"rendered":"<p><span style=\"font-size: 14pt;\"><\/span><\/p>\n<p><span style=\"font-size: 14pt;\"><strong>Frechen bietet mehr &#8230;<\/strong><\/span><\/p>\n<p>Frechen bietet Ihnen, Ihrer Familie und Freunden ein lebendiges Zentrum an Vielseitigkeit.<br \/>Ob Veranstaltungen, Feste oder die grosse Auswahl an Fachgesch\u00e4ften f\u00fcr jeden Bedarf, laden ein zum Bummeln und Verweilen.<br \/>&nbsp;<br \/>Wir der Aktivkreis Frechen e.v. haben es uns zum Ziel gesetzt, Ihnen immer wieder ein attraktives und lebendiges Stadtzentrum zu pr\u00e4sentieren.<br \/>&nbsp;<br \/>&#8230; Events und mehr mit Live-Musik, Pr\u00e4sentationen, Informationen, Stra\u00dfenverkauf, Markth\u00e4ndler, Volksfest<\/p>\n<p><strong>\u2022&nbsp; Stadtfest<\/strong><br \/><strong>\u2022&nbsp; Verkaufsoffene Sonntage<\/strong><br \/><strong>\u2022&nbsp; Bierb\u00f6rse<\/strong><br \/><strong>\u2022&nbsp; Martinsmarkt&#8230;.<\/strong><\/p>\n<p>&nbsp;<\/p>\n<p style=\"text-align: right;\"><span style=\"font-size: 12pt; font-family: arial black,avant garde;\"><strong>Aktivkreis Frechen e.V. &#8211;<\/strong><\/span><br \/><span style=\"font-family: arial black,avant garde; font-size: 12pt;\"><strong>aktiv f\u00fcr Frechen und seine U<\/strong><strong>n<\/strong><strong>ternehmen.<\/strong><\/span><\/p>\n","protected":false},"excerpt":{"rendered":"<p>Frechen bietet mehr &#8230; Frechen bietet Ihnen, Ihrer Familie und Freunden ein lebendiges Zentrum an Vielseitigkeit.Ob Veranstaltungen, Feste oder die grosse Auswahl an Fachgesch\u00e4ften f\u00fcr jeden Bedarf, laden ein zum Bummeln und Verweilen.&nbsp;Wir der Aktivkreis Frechen e.v. haben es uns zum Ziel gesetzt, Ihnen immer wieder ein attraktives und lebendiges Stadtzentrum zu pr\u00e4sentieren.&nbsp;&#8230; Events und<\/p>\n","protected":false},"author":1,"featured_media":0,"parent":0,"menu_order":12,"comment_status":"closed","ping_status":"closed","template":"","meta":{"footnotes":""},"class_list":["post-167","page","type-page","status-publish","hentry"],"_links":{"self":[{"href":"https:\/\/www.aktivkreis-frechen.de\/index.php\/wp-json\/wp\/v2\/pages\/167","targetHints":{"allow":["GET"]}}],"collection":[{"href":"https:\/\/www.aktivkreis-frechen.de\/index.php\/wp-json\/wp\/v2\/pages"}],"about":[{"href":"https:\/\/www.aktivkreis-frechen.de\/index.php\/wp-json\/wp\/v2\/types\/page"}],"author":[{"embeddable":true,"href":"https:\/\/www.aktivkreis-frechen.de\/index.php\/wp-json\/wp\/v2\/users\/1"}],"replies":[{"embeddable":true,"href":"https:\/\/www.aktivkreis-frechen.de\/index.php\/wp-json\/wp\/v2\/comments?post=167"}],"version-history":[{"count":0,"href":"https:\/\/www.aktivkreis-frechen.de\/index.php\/wp-json\/wp\/v2\/pages\/167\/revisions"}],"wp:attachment":[{"href":"https:\/\/www.aktivkreis-frechen.de\/index.php\/wp-json\/wp\/v2\/media?parent=167"}],"curies":[{"name":"wp","href":"https:\/\/api.w.org\/{rel}","templated":true}]}}