{"id":163,"date":"2013-04-19T06:14:04","date_gmt":"2013-04-19T04:14:04","guid":{"rendered":"http:\/\/www.aktivkreis.goetze-media.de\/index.php\/aktivkreis-2\/"},"modified":"2013-04-19T06:14:04","modified_gmt":"2013-04-19T04:14:04","slug":"aktivkreis-2","status":"publish","type":"page","link":"https:\/\/www.aktivkreis-frechen.de\/index.php\/aktivkreis-2\/","title":{"rendered":"Aktivkreis"},"content":{"rendered":"<div>\n<p><span style=\"font-size: 11pt; font-family: 'Calibri','sans-serif';\">Der Aktivkreis Frechen e.V. ist der Zusammenschluss vieler Frechener Einzelh\u00e4ndler, Eigent\u00fcmer von Geb\u00e4uden und Menschen, die am Erhalt und dem Ausbau unseres lebendigen, lebens- und liebenswerten Zentrums interessiert sind.<\/span><\/p>\n<\/p><\/div>\n<div>\n<p><span style=\"font-size: 11pt; font-family: 'Calibri','sans-serif';\">St\u00e4ndig arbeiten wir an der Fortentwicklung unserer attraktiven Innenstadt und sind Gespr\u00e4chspartner von Verwaltung, Politik und nat\u00fcrlich der B\u00fcrger.<\/span><\/p>\n<\/p><\/div>\n<div>\n<p><span style=\"font-size: 11pt; font-family: 'Calibri','sans-serif';\">Zusammen mit professionellen Veranstaltern organisieren wir unter anderem <strong>den Fr\u00fchlingsmarkt, den Stoffmarkt, das Stadtfest, die Herbstkirmes und den Martinsmarkt.<\/strong><\/span><\/p>\n<\/p><\/div>\n<div>\n<p><strong><span style=\"font-size: 11pt; font-family: 'Calibri','sans-serif';\">Die Mitgliedsbeitr\u00e4ge werden eingesetzt, um die Innenstadt aufzuwerten und um Feste und verkaufsoffene Sonntage zu organisieren. Die damit verbundenen vierstelligen Kosten m\u00fcssen durch die Beitr\u00e4ge gedeckt werden. <\/span><\/strong><\/p>\n<p><strong><span style=\"font-size: 11pt; font-family: 'Calibri','sans-serif';\">Kosten sind z.B.: Werbung und Plakate f\u00fcr Feste, Ausfall der KVB (es darf keine Bahn fahren, wenn Feste auf der Hauptstra\u00dfe sind), Finanzierung der Weihnachtsbeleuchtung \u00a0(Montage, Strom, Demontage, Einlagerung, Instandsetzung) und GEMA Geb\u00fchren f\u00fcr die Musik bei den Stadtfesten.<\/span><\/strong><\/p>\n<\/p><\/div>\n<div>\n<p><span style=\"font-size: 11pt; font-family: 'Calibri','sans-serif';\">Neben dem Mitgestalten des Zentrums hat die Mitgliedschaft im Aktivkreis aber auch viele Vorteile durch Rabatte bei der Aufgabe von Zeitungswerbung oder durch reduzierte Standmieten bei den Gro\u00dfveranstaltungen.<\/span><\/p>\n<\/p><\/div>\n<div>\n<p><span style=\"font-size: 11pt; font-family: 'Calibri','sans-serif';\">Werden auch Sie Mitglied im <strong>Aktivkreis Frechen e.V<\/strong>.!<\/span><\/p>\n<\/p><\/div>\n<div>\n<p><span style=\"font-size: 11pt; font-family: 'Calibri','sans-serif';\">Frechen, lebendig, attraktiv \u00a0\u00a0\u00a0\u00a0\u00a0\u00a0\u00a0<span class=\"apple-converted-space\"> <br \/><\/span><\/span><\/p>\n<\/p><\/div>\n","protected":false},"excerpt":{"rendered":"<p>Der Aktivkreis Frechen e.V. ist der Zusammenschluss vieler Frechener Einzelh\u00e4ndler, Eigent\u00fcmer von Geb\u00e4uden und Menschen, die am Erhalt und dem Ausbau unseres lebendigen, lebens- und liebenswerten Zentrums interessiert sind. St\u00e4ndig arbeiten wir an der Fortentwicklung unserer attraktiven Innenstadt und sind Gespr\u00e4chspartner von Verwaltung, Politik und nat\u00fcrlich der B\u00fcrger. Zusammen mit professionellen Veranstaltern organisieren wir unter<\/p>\n","protected":false},"author":1,"featured_media":0,"parent":0,"menu_order":14,"comment_status":"closed","ping_status":"closed","template":"","meta":{"footnotes":""},"class_list":["post-163","page","type-page","status-publish","hentry"],"_links":{"self":[{"href":"https:\/\/www.aktivkreis-frechen.de\/index.php\/wp-json\/wp\/v2\/pages\/163","targetHints":{"allow":["GET"]}}],"collection":[{"href":"https:\/\/www.aktivkreis-frechen.de\/index.php\/wp-json\/wp\/v2\/pages"}],"about":[{"href":"https:\/\/www.aktivkreis-frechen.de\/index.php\/wp-json\/wp\/v2\/types\/page"}],"author":[{"embeddable":true,"href":"https:\/\/www.aktivkreis-frechen.de\/index.php\/wp-json\/wp\/v2\/users\/1"}],"replies":[{"embeddable":true,"href":"https:\/\/www.aktivkreis-frechen.de\/index.php\/wp-json\/wp\/v2\/comments?post=163"}],"version-history":[{"count":0,"href":"https:\/\/www.aktivkreis-frechen.de\/index.php\/wp-json\/wp\/v2\/pages\/163\/revisions"}],"wp:attachment":[{"href":"https:\/\/www.aktivkreis-frechen.de\/index.php\/wp-json\/wp\/v2\/media?parent=163"}],"curies":[{"name":"wp","href":"https:\/\/api.w.org\/{rel}","templated":true}]}}

<div>
<p><span style="font-size: 11pt; font-family: 'Calibri','sans-serif';">Der Aktivkreis Frechen e.V. ist der Zusammenschluss vieler Frechener Einzelhändler, Eigentümer von Gebäuden und Menschen, die am Erhalt und dem Ausbau unseres lebendigen, lebens- und liebenswerten Zentrums interessiert sind.</span></p>
</p></div>
<div>
<p><span style="font-size: 11pt; font-family: 'Calibri','sans-serif';">Ständig arbeiten wir an der Fortentwicklung unserer attraktiven Innenstadt und sind Gesprächspartner von Verwaltung, Politik und natürlich der Bürger.</span></p>
</p></div>
<div>
<p><span style="font-size: 11pt; font-family: 'Calibri','sans-serif';">Zusammen mit professionellen Veranstaltern organisieren wir unter anderem <strong>den Frühlingsmarkt, den Stoffmarkt, das Stadtfest, die Herbstkirmes und den Martinsmarkt.</strong></span></p>
</p></div>
<div>
<p><strong><span style="font-size: 11pt; font-family: 'Calibri','sans-serif';">Die Mitgliedsbeiträge werden eingesetzt, um die Innenstadt aufzuwerten und um Feste und verkaufsoffene Sonntage zu organisieren. Die damit verbundenen vierstelligen Kosten müssen durch die Beiträge gedeckt werden. </span></strong></p>
<p><strong><span style="font-size: 11pt; font-family: 'Calibri','sans-serif';">Kosten sind z.B.: Werbung und Plakate für Feste, Ausfall der KVB (es darf keine Bahn fahren, wenn Feste auf der Hauptstraße sind), Finanzierung der Weihnachtsbeleuchtung  (Montage, Strom, Demontage, Einlagerung, Instandsetzung) und GEMA Gebühren für die Musik bei den Stadtfesten.</span></strong></p>
</p></div>
<div>
<p><span style="font-size: 11pt; font-family: 'Calibri','sans-serif';">Neben dem Mitgestalten des Zentrums hat die Mitgliedschaft im Aktivkreis aber auch viele Vorteile durch Rabatte bei der Aufgabe von Zeitungswerbung oder durch reduzierte Standmieten bei den Großveranstaltungen.</span></p>
</p></div>
<div>
<p><span style="font-size: 11pt; font-family: 'Calibri','sans-serif';">Werden auch Sie Mitglied im <strong>Aktivkreis Frechen e.V</strong>.!</span></p>
</p></div>
<div>
<p><span style="font-size: 11pt; font-family: 'Calibri','sans-serif';">Frechen, lebendig, attraktiv        <span class="apple-converted-space"> <br /></span></span></p>
</p></div>

<p>Der Aktivkreis Frechen e.V. ist der Zusammenschluss vieler Frechener Einzelhändler, Eigentümer von Gebäuden und Menschen, die am Erhalt und dem Ausbau unseres lebendigen, lebens- und liebenswerten Zentrums interessiert sind. Ständig arbeiten wir an der Fortentwicklung unserer attraktiven Innenstadt und sind Gesprächspartner von Verwaltung, Politik und natürlich der Bürger. Zusammen mit professionellen Veranstaltern organisieren wir unter</p>
