{"id":728,"date":"2021-01-10T12:56:49","date_gmt":"2021-01-10T10:56:49","guid":{"rendered":"https:\/\/www.aktivkreis-frechen.de\/?post_type=event_listing&#038;p=728"},"modified":"2021-03-19T14:19:07","modified_gmt":"2021-03-19T12:19:07","slug":"hollaendischer-stoffmarkt","status":"publish","type":"event_listing","link":"https:\/\/www.aktivkreis-frechen.de\/index.php\/events\/hollaendischer-stoffmarkt\/","title":{"rendered":"abgesagt: Holl\u00e4ndischer Stoffmarkt Fr\u00fchjahr 2021"},"content":{"rendered":"\n<p>Am Sonntag, den 21. M\u00e4rz 2021 sollte der Deutsch-Holl\u00e4ndische Stoffmarkt wieder in Frechen stattfinden. Leider muss dieser ausfallen. <\/p>\n\n\n\n<p>Zahlreiche bunt dekorierte und teilweise mit Stoff behangene St\u00e4nde h\u00e4tten den Johann-Schmitz-Platz sprichw\u00f6rtlich aus allen N\u00e4hten platzen lassen.<\/p>\n\n\n\n<p>Gleichzeitig wurde f\u00fcr diesen Tag ein verkaufsoffener Sonntag in der Frechener Innenstadt f\u00fcr die Zeit von 13 bis 18 Uhr beantragt. <\/p>\n\n\n\n<figure class=\"wp-block-image size-large\"><img decoding=\"async\" src=\"https:\/\/stoffmarkt-expo.de\/wp-content\/uploads\/2017\/03\/Deutsch-Hollaendischer-Stoffmarkt-produktangebot_mini.jpg\" alt=\"\"\/><figcaption>Bild: Expo Event Marketing GmbH<\/figcaption><\/figure>\n\n\n\n<h2 class=\"wp-block-heading\"><strong>Corona-Info: <\/strong><\/h2>\n\n\n\n<p>Eine Absage der Veranstaltung aus Pandemie-Gr\u00fcnden ist leider m\u00f6glich. Bitte achten Sie auf kurzfristige Informationen. <\/p>\n","protected":false},"excerpt":{"rendered":"<p>Am Sonntag, den 21. M\u00e4rz 2021 sollte der Deutsch-Holl\u00e4ndische Stoffmarkt wieder in Frechen stattfinden. Leider muss dieser ausfallen. Zahlreiche bunt dekorierte und teilweise mit Stoff behangene St\u00e4nde h\u00e4tten den Johann-Schmitz-Platz sprichw\u00f6rtlich aus allen N\u00e4hten platzen lassen. Gleichzeitig wurde f\u00fcr diesen Tag ein verkaufsoffener Sonntag in der Frechener Innenstadt f\u00fcr die Zeit von 13 bis 18<\/p>\n","protected":false},"author":1,"featured_media":0,"parent":0,"menu_order":0,"comment_status":"closed","ping_status":"closed","template":"","event_listing_category":[159,158],"class_list":["post-728","event_listing","type-event_listing","status-publish","hentry"],"_links":{"self":[{"href":"https:\/\/www.aktivkreis-frechen.de\/index.php\/wp-json\/wp\/v2\/event_listing\/728","targetHints":{"allow":["GET"]}}],"collection":[{"href":"https:\/\/www.aktivkreis-frechen.de\/index.php\/wp-json\/wp\/v2\/event_listing"}],"about":[{"href":"https:\/\/www.aktivkreis-frechen.de\/index.php\/wp-json\/wp\/v2\/types\/event_listing"}],"author":[{"embeddable":true,"href":"https:\/\/www.aktivkreis-frechen.de\/index.php\/wp-json\/wp\/v2\/users\/1"}],"replies":[{"embeddable":true,"href":"https:\/\/www.aktivkreis-frechen.de\/index.php\/wp-json\/wp\/v2\/comments?post=728"}],"wp:attachment":[{"href":"https:\/\/www.aktivkreis-frechen.de\/index.php\/wp-json\/wp\/v2\/media?parent=728"}],"wp:term":[{"taxonomy":"event_listing_category","embeddable":true,"href":"https:\/\/www.aktivkreis-frechen.de\/index.php\/wp-json\/wp\/v2\/event_listing_category?post=728"}],"curies":[{"name":"wp","href":"https:\/\/api.w.org\/{rel}","templated":true}]}}

abgesagt: Holländischer Stoffmarkt Frühjahr 2021

<p>Am Sonntag, den 21. März 2021 sollte der Deutsch-Holländische Stoffmarkt wieder in Frechen stattfinden. Leider muss dieser ausfallen. </p>



<p>Zahlreiche bunt dekorierte und teilweise mit Stoff behangene Stände hätten den Johann-Schmitz-Platz sprichwörtlich aus allen Nähten platzen lassen.</p>



<p>Gleichzeitig wurde für diesen Tag ein verkaufsoffener Sonntag in der Frechener Innenstadt für die Zeit von 13 bis 18 Uhr beantragt. </p>



<figure class="wp-block-image size-large"><img decoding="async" src="https://stoffmarkt-expo.de/wp-content/uploads/2017/03/Deutsch-Hollaendischer-Stoffmarkt-produktangebot_mini.jpg" alt=""/><figcaption>Bild: Expo Event Marketing GmbH</figcaption></figure>



<h2 class="wp-block-heading"><strong>Corona-Info: </strong></h2>



<p>Eine Absage der Veranstaltung aus Pandemie-Gründen ist leider möglich. Bitte achten Sie auf kurzfristige Informationen. </p>

<p>Am Sonntag, den 21. März 2021 sollte der Deutsch-Holländische Stoffmarkt wieder in Frechen stattfinden. Leider muss dieser ausfallen. Zahlreiche bunt dekorierte und teilweise mit Stoff behangene Stände hätten den Johann-Schmitz-Platz sprichwörtlich aus allen Nähten platzen lassen. Gleichzeitig wurde für diesen Tag ein verkaufsoffener Sonntag in der Frechener Innenstadt für die Zeit von 13 bis 18</p>
